{"id":7769,"date":"2017-11-16T21:03:37","date_gmt":"2017-11-16T20:03:37","guid":{"rendered":"http:\/\/karlovyvary.casd.cz\/?page_id=7769"},"modified":"2025-05-27T00:16:41","modified_gmt":"2025-05-26T22:16:41","slug":"aktivity","status":"publish","type":"page","link":"https:\/\/karlovyvary.casd.cz\/?page_id=7769","title":{"rendered":"Aktivity"},"content":{"rendered":"<p><strong>Pravideln\u00e9 aktivity na\u0161eho spole\u010denstv\u00ed:<\/strong><\/p>\n<p>Sobota 09:30-10:35 &#8211; Bohoslu\u017eba 1. \u010d\u00e1st (sobotn\u00ed \u0161kola &#8211; studium Bible ve skupin\u00e1ch)<\/p>\n<p>Sobota 10:50-12:00 &#8211; Bohoslu\u017eba 2. \u010d\u00e1st (k\u00e1z\u00e1n\u00ed)<\/p>\n<p>&nbsp;<\/p>\n","protected":false},"excerpt":{"rendered":"<p>Pravideln\u00e9 aktivity na\u0161eho spole\u010denstv\u00ed: Sobota 09:30-10:35 &#8211; Bohoslu\u017eba 1. \u010d\u00e1st (sobotn\u00ed \u0161kola &#8211; studium Bible ve skupin\u00e1ch) Sobota 10:50-12:00 &#8211; Bohoslu\u017eba 2. \u010d\u00e1st (k\u00e1z\u00e1n\u00ed) &nbsp;<\/p>\n","protected":false},"author":1395,"featured_media":0,"parent":0,"menu_order":0,"comment_status":"closed","ping_status":"closed","template":"","meta":{"_mi_skip_tracking":false,"_monsterinsights_sitenote_active":false,"_monsterinsights_sitenote_note":"","_monsterinsights_sitenote_category":0,"ngg_post_thumbnail":0,"footnotes":""},"class_list":["post-7769","page","type-page","status-publish","hentry"],"_links":{"self":[{"href":"https:\/\/karlovyvary.casd.cz\/index.php?rest_route=\/wp\/v2\/pages\/7769","targetHints":{"allow":["GET"]}}],"collection":[{"href":"https:\/\/karlovyvary.casd.cz\/index.php?rest_route=\/wp\/v2\/pages"}],"about":[{"href":"https:\/\/karlovyvary.casd.cz\/index.php?rest_route=\/wp\/v2\/types\/page"}],"author":[{"embeddable":true,"href":"https:\/\/karlovyvary.casd.cz\/index.php?rest_route=\/wp\/v2\/users\/1395"}],"replies":[{"embeddable":true,"href":"https:\/\/karlovyvary.casd.cz\/index.php?rest_route=%2Fwp%2Fv2%2Fcomments&post=7769"}],"version-history":[{"count":3,"href":"https:\/\/karlovyvary.casd.cz\/index.php?rest_route=\/wp\/v2\/pages\/7769\/revisions"}],"predecessor-version":[{"id":11053,"href":"https:\/\/karlovyvary.casd.cz\/index.php?rest_route=\/wp\/v2\/pages\/7769\/revisions\/11053"}],"wp:attachment":[{"href":"https:\/\/karlovyvary.casd.cz\/index.php?rest_route=%2Fwp%2Fv2%2Fmedia&parent=7769"}],"curies":[{"name":"wp","href":"https:\/\/api.w.org\/{rel}","templated":true}]}}