{"id":8509,"date":"2019-04-19T07:26:52","date_gmt":"2019-04-19T05:26:52","guid":{"rendered":"http:\/\/karlovyvary.casd.cz\/wp-content\/uploads\/Pozv\u00e1nka-na-velikono\u010dn\u00ed-bohoslu\u017ebu-KV-2019-1.jpg"},"modified":"2019-04-19T07:26:52","modified_gmt":"2019-04-19T05:26:52","slug":"pozvanka-na-velikonocni-bohosluzbu-kv-2019-1","status":"inherit","type":"attachment","link":"https:\/\/karlovyvary.casd.cz\/?attachment_id=8509","title":{"rendered":"Pozv\u00e1nka na velikono\u010dn\u00ed bohoslu\u017ebu KV 2019 (1)"},"author":58,"featured_media":0,"comment_status":"open","ping_status":"closed","template":"","meta":{"_mi_skip_tracking":false,"_monsterinsights_sitenote_active":false,"_monsterinsights_sitenote_note":"","_monsterinsights_sitenote_category":0,"ngg_post_thumbnail":0},"class_list":["post-8509","attachment","type-attachment","status-inherit","hentry"],"description":{"rendered":"<p class=\"attachment\"><a href='https:\/\/karlovyvary.casd.cz\/wp-content\/uploads\/Pozv\u00e1nka-na-velikono\u010dn\u00ed-bohoslu\u017ebu-KV-2019-1.jpg'><img loading=\"lazy\" decoding=\"async\" width=\"300\" height=\"212\" src=\"https:\/\/karlovyvary.casd.cz\/wp-content\/uploads\/Pozv\u00e1nka-na-velikono\u010dn\u00ed-bohoslu\u017ebu-KV-2019-1-300x212.jpg\" class=\"attachment-medium size-medium\" alt=\"\" srcset=\"https:\/\/karlovyvary.casd.cz\/wp-content\/uploads\/Pozv\u00e1nka-na-velikono\u010dn\u00ed-bohoslu\u017ebu-KV-2019-1-300x212.jpg 300w, https:\/\/karlovyvary.casd.cz\/wp-content\/uploads\/Pozv\u00e1nka-na-velikono\u010dn\u00ed-bohoslu\u017ebu-KV-2019-1-768x543.jpg 768w, https:\/\/karlovyvary.casd.cz\/wp-content\/uploads\/Pozv\u00e1nka-na-velikono\u010dn\u00ed-bohoslu\u017ebu-KV-2019-1-700x495.jpg 700w, https:\/\/karlovyvary.casd.cz\/wp-content\/uploads\/Pozv\u00e1nka-na-velikono\u010dn\u00ed-bohoslu\u017ebu-KV-2019-1.jpg 1000w\" sizes=\"auto, (max-width: 300px) 100vw, 300px\" \/><\/a><\/p>\n"},"caption":{"rendered":""},"alt_text":"","media_type":"image","mime_type":"image\/jpeg","media_details":{"width":1000,"height":707,"file":"Pozv\u00e1nka-na-velikono\u010dn\u00ed-bohoslu\u017ebu-KV-2019-1.jpg","sizes":{"thumbnail":{"file":"Pozv\u00e1nka-na-velikono\u010dn\u00ed-bohoslu\u017ebu-KV-2019-1-150x150.jpg","width":150,"height":150,"mime_type":"image\/jpeg","source_url":"https:\/\/karlovyvary.casd.cz\/wp-content\/uploads\/Pozv\u00e1nka-na-velikono\u010dn\u00ed-bohoslu\u017ebu-KV-2019-1-150x150.jpg"},"medium":{"file":"Pozv\u00e1nka-na-velikono\u010dn\u00ed-bohoslu\u017ebu-KV-2019-1-300x212.jpg","width":300,"height":212,"mime_type":"image\/jpeg","source_url":"https:\/\/karlovyvary.casd.cz\/wp-content\/uploads\/Pozv\u00e1nka-na-velikono\u010dn\u00ed-bohoslu\u017ebu-KV-2019-1-300x212.jpg"},"medium_large":{"file":"Pozv\u00e1nka-na-velikono\u010dn\u00ed-bohoslu\u017ebu-KV-2019-1-768x543.jpg","width":768,"height":543,"mime_type":"image\/jpeg","source_url":"https:\/\/karlovyvary.casd.cz\/wp-content\/uploads\/Pozv\u00e1nka-na-velikono\u010dn\u00ed-bohoslu\u017ebu-KV-2019-1-768x543.jpg"},"large":{"file":"Pozv\u00e1nka-na-velikono\u010dn\u00ed-bohoslu\u017ebu-KV-2019-1-700x495.jpg","width":700,"height":495,"mime_type":"image\/jpeg","source_url":"https:\/\/karlovyvary.casd.cz\/wp-content\/uploads\/Pozv\u00e1nka-na-velikono\u010dn\u00ed-bohoslu\u017ebu-KV-2019-1-700x495.jpg"},"post-thumbnail":{"file":"Pozv\u00e1nka-na-velikono\u010dn\u00ed-bohoslu\u017ebu-KV-2019-1-64x64.jpg","width":64,"height":64,"mime_type":"image\/jpeg","source_url":"https:\/\/karlovyvary.casd.cz\/wp-content\/uploads\/Pozv\u00e1nka-na-velikono\u010dn\u00ed-bohoslu\u017ebu-KV-2019-1-64x64.jpg"},"full":{"file":"Pozv\u00e1nka-na-velikono\u010dn\u00ed-bohoslu\u017ebu-KV-2019-1.jpg","width":1000,"height":707,"mime_type":"image\/jpeg","source_url":"https:\/\/karlovyvary.casd.cz\/wp-content\/uploads\/Pozv\u00e1nka-na-velikono\u010dn\u00ed-bohoslu\u017ebu-KV-2019-1.jpg"}},"image_meta":{"aperture":"0","credit":"","camera":"","caption":"","created_timestamp":"0","copyright":"","focal_length":"0","iso":"0","shutter_speed":"0","title":"","orientation":"0","keywords":[]}},"post":8508,"source_url":"https:\/\/karlovyvary.casd.cz\/wp-content\/uploads\/Pozv\u00e1nka-na-velikono\u010dn\u00ed-bohoslu\u017ebu-KV-2019-1.jpg","_links":{"self":[{"href":"https:\/\/karlovyvary.casd.cz\/index.php?rest_route=\/wp\/v2\/media\/8509","targetHints":{"allow":["GET"]}}],"collection":[{"href":"https:\/\/karlovyvary.casd.cz\/index.php?rest_route=\/wp\/v2\/media"}],"about":[{"href":"https:\/\/karlovyvary.casd.cz\/index.php?rest_route=\/wp\/v2\/types\/attachment"}],"author":[{"embeddable":true,"href":"https:\/\/karlovyvary.casd.cz\/index.php?rest_route=\/wp\/v2\/users\/58"}],"replies":[{"embeddable":true,"href":"https:\/\/karlovyvary.casd.cz\/index.php?rest_route=%2Fwp%2Fv2%2Fcomments&post=8509"}],"wp:attached-to":[{"embeddable":true,"post_type":"post","id":8508,"href":"https:\/\/karlovyvary.casd.cz\/index.php?rest_route=\/wp\/v2\/posts\/8508"}],"curies":[{"name":"wp","href":"https:\/\/api.w.org\/{rel}","templated":true}]}}

http://karlovyvary.casd.cz/wp-content/uploads/Pozvánka-na-velikonoční-bohoslužbu-KV-2019-1.jpg

Pozvánka na velikonoční bohoslužbu KV 2019 (1)

<p class="attachment"><a href='https://karlovyvary.casd.cz/wp-content/uploads/Pozvánka-na-velikonoční-bohoslužbu-KV-2019-1.jpg'><img loading="lazy" decoding="async" width="300" height="212" src="https://karlovyvary.casd.cz/wp-content/uploads/Pozvánka-na-velikonoční-bohoslužbu-KV-2019-1-300x212.jpg" class="attachment-medium size-medium" alt="" srcset="https://karlovyvary.casd.cz/wp-content/uploads/Pozvánka-na-velikonoční-bohoslužbu-KV-2019-1-300x212.jpg 300w, https://karlovyvary.casd.cz/wp-content/uploads/Pozvánka-na-velikonoční-bohoslužbu-KV-2019-1-768x543.jpg 768w, https://karlovyvary.casd.cz/wp-content/uploads/Pozvánka-na-velikonoční-bohoslužbu-KV-2019-1-700x495.jpg 700w, https://karlovyvary.casd.cz/wp-content/uploads/Pozvánka-na-velikonoční-bohoslužbu-KV-2019-1.jpg 1000w" sizes="auto, (max-width: 300px) 100vw, 300px" /></a></p>

Pozvánka-na-velikonoční-bohoslužbu-KV-2019-1.jpg

Pozvánka-na-velikonoční-bohoslužbu-KV-2019-1-150x150.jpg

https://karlovyvary.casd.cz/wp-content/uploads/Pozvánka-na-velikonoční-bohoslužbu-KV-2019-1-150x150.jpg

Pozvánka-na-velikonoční-bohoslužbu-KV-2019-1-300x212.jpg

https://karlovyvary.casd.cz/wp-content/uploads/Pozvánka-na-velikonoční-bohoslužbu-KV-2019-1-300x212.jpg

Pozvánka-na-velikonoční-bohoslužbu-KV-2019-1-768x543.jpg

https://karlovyvary.casd.cz/wp-content/uploads/Pozvánka-na-velikonoční-bohoslužbu-KV-2019-1-768x543.jpg

Pozvánka-na-velikonoční-bohoslužbu-KV-2019-1-700x495.jpg

https://karlovyvary.casd.cz/wp-content/uploads/Pozvánka-na-velikonoční-bohoslužbu-KV-2019-1-700x495.jpg

Pozvánka-na-velikonoční-bohoslužbu-KV-2019-1-64x64.jpg

https://karlovyvary.casd.cz/wp-content/uploads/Pozvánka-na-velikonoční-bohoslužbu-KV-2019-1-64x64.jpg

https://karlovyvary.casd.cz/wp-content/uploads/Pozvánka-na-velikonoční-bohoslužbu-KV-2019-1.jpg
